ppose 33 + a = 4*h - 3*p, 33 = 3*h - 3*p. What is the tens digit of h?
1
Let m be (3/2)/(3/6). Suppose -66 = -3*f - m*f. What is the units digit of f?
1
What is the units digit of 120/(-160)*1084/(-3)?
1
Let n be 156/26 - (-1 + 3). Let h be -24 - (-20)/5 - n. Let b = h - -55. What is the tens digit of b?
3
Let k(y) be the first derivative of -11*y**2/2 + 46*y + 28. What is the tens digit of k(-13)?
8
Let c(t) = -2*t - 10. Let f be c(-7). Let i(l) = -3*l - 2. Let n be i(-7). Suppose 5*x - n = 2*x - 5*m, f*x = -3*m + 40. What is the units digit of x?
3
Let d(c) = c**3 + 3*c**2 - 2*c + 3. Let q(i) = -i - 21. Let x be q(-14). Let n be (-2)/x + (-48)/(-28). What is the tens digit of d(n)?
1
Suppose -10*w + 1418 = -32. What is the units digit of w?
5
Suppose -5*t = 4*s - 1610, -t + 116 = -4*s - 182. What is the units digit of t?
8
Suppose 68*m = -k + 69*m + 9, -18 = -k + 4*m. Suppose 4*o + 14 = l - o, o - 140 = -4*l. Suppose -88 + l = -k*n. What is the units digit of n?
9
Suppose 0 = 408*p - 412*p + 2840. What is the units digit of p?
0
Suppose -27*d + 22*d = -855. Let h = d + -38. What is the tens digit of h?
3
Let d(v) = v - 1. Let s(j) = -235*j**2 + 3*j - 10. Let r(x) = 6*d(x) - s(x). What is the units digit of r(-1)?
6
Let g = 8441 + -3029. What is the thousands digit of g?
5
Suppose 0 = -y + a + 92, y + 3*a - 102 = 6*a. Let s = y - 42. What is the tens digit of s?
4
Let t = -60 - -69. Let z = 54 - t. What is the units digit of z?
5
Suppose -f - 14 = 5*i, -f + 22 = -i - 6*f. What is the tens digit of (-43 - i)*(-20)/(2 + 2)?
0
Let g(p) = 5*p**2 - 2*p + 322. What is the hundreds digit of g(0)?
3
Suppose 2*l + 4*q = 22, 2*l - 4*l - q = -10. Suppose 14*g = 1478 + 6. Suppose -l*c = -2*z - 107, 3*c + 0*c - g = z. What is the tens digit of c?
3
Let k(o) = 4*o**3 - 6*o**2 + 5*o - 11. Let w(p) = -p**3 - p**2. Let t(g) = k(g) + 5*w(g). What is the tens digit of t(-12)?
7
Let m(p) be the first derivative of -p**4/4 - 2*p**3 + p**2 + 8*p - 4. Let b be m(-6). Let t(y) = -y**3 - 3*y**2 + 4*y + 4. What is the units digit of t(b)?
4
Let o(n) be the first derivative of n**2/2 + 9*n - 5. What is the units digit of o(-6)?
3
Suppose 8*x - 5*x = 24. Suppose -25 + 10 = -3*t. Suppose t*f - 84 = 3*b, f - b - 10 - x = 0. What is the tens digit of f?
1
Let k(d) = 2*d + 6. Let p be k(-2). What is the hundreds digit of -4*p/12 + 796/6?
1
Let i be (-6 + -1)*(-240)/84. Suppose 0 = -8*m + 44 + i. What is the units digit of m?
8
Let n = 91 - 54. Let r = -33 + n. What is the units digit of r?
4
Let q = 1393 - 506. What is the hundreds digit of q?
8
Let p be (-7 - -9)/(2/(-29)). Let v = 43 - p. Suppose 0 = -3*u + 3 + v. What is the tens digit of u?
2
Suppose -5*u = -5*s - 6005, s + 2*s = -3*u + 3597. What is the thousands digit of u?
1
Let f = -11 - -28. Suppose -7*b = -24 - 81. Suppose 12 = 2*d - 3*j - b, d - 5*j - f = 0. What is the tens digit of d?
1
Suppose -11*u + 13470 = 4*u. What is the tens digit of u?
9
What is the units digit of 1636/3 + (-8)/(-12) + -2?
4
What is the units digit of (1 + (-10)/4)*6080/(-60)?
2
Let q(m) = -m**3 - 14*m**2 - 16*m - 1. What is the hundreds digit of q(-15)?
4
Suppose 2*b - 96 = 4*o, -4*o - 76 - 10 = 3*b. Let j = 39 + o. What is the units digit of j?
6
Suppose -f + 2*m - 59 = -8, -f + 4*m - 61 = 0. Let s = f - -17. What is the units digit of 3/6*(0 - s)?
2
Let i be (6 - 1/1) + 0. Suppose -17 + 54 = k - 5*d, -i*d - 121 = -3*k. What is the units digit of 6/(-21) - (-264)/k?
6
Let z be 2*1*801/18. Suppose 4*v = -2*f + 296, -4*f - z - 39 = -2*v. What is the tens digit of v?
7
Let p be -2*5*(-4)/16*-2. What is the hundreds digit of (-4774)/(-44) - (p/2 - -1)?
1
Let i = -675 + 967. What is the tens digit of i?
9
Let l(q) = q**2 + 11*q + 6. Let k be l(-10). What is the units digit of (k + 6/3)/(-2) + 87?
8
Suppose -5*g + 7114 = -9*p + 11*p, 0 = 3*p + 9. What is the hundreds digit of g?
4
Suppose 4*v - 5*n + 260 = 0, n = -3*v - 0*v - 214. What is the units digit of (-100)/(-8)*(-7)/(v/12)?
5
Let g(p) = p**2 + 8*p + 2. Let h be g(-7). Let q = 21 - h. What is the tens digit of q?
2
Let x(h) = -h. Let a(f) = -4*f + 1. Let q(t) = a(t) - 3*x(t). Let k(o) = -o**2 - 16*o - 40. Let y be k(-14). What is the units digit of q(y)?
3
Let v = 275 - -38. What is the tens digit of v?
1
Let p(m) = m**2 - 13*m - 114. What is the units digit of p(-20)?
6
Let w = 169 + -75. Let z = w + -16. What is the tens digit of z?
7
Let q = 10 + -12. Let m(h) = -19*h**3 + 3*h**2 + 2*h - 6. What is the units digit of m(q)?
4
Suppose 3*t - 6 = 0, -11*n + t = -8*n - 913. What is the hundreds digit of n?
3
Let l = -44 + -101. Let s = l - -250. What is the hundreds digit of s?
1
What is the tens digit of (-157020)/(-180) + 5/3?
7
Suppose 11 = -2*l + 3*w, -3*l = -w - 2*w + 9. Let j be (1 + 16)*(-3 - -1). What is the tens digit of l/(-4)*j + 0?
1
Let c(i) = 38*i**2 + 9*i - 37. What is the units digit of c(6)?
5
Let k = 50 - 50. Suppose 0 = -0*i + 5*i - 10, i = 5*b - 23. What is the tens digit of (b - k)*104/20?
2
Suppose 741*i - 733*i = 29072. What is the tens digit of i?
3
Let s = 44 + -27. Suppose -s*k + 45 = -12*k. What is the units digit of k?
9
Let g(f) = -462*f**3 + 2*f + 1. What is the units digit of g(-1)?
1
Suppose 4*i - d - 448 = i, -i + 154 = 2*d. Suppose -i - 38 = -4*g. What is the units digit of g?
7
Let x be (-6)/2 + 4 + 1. Let m(v) = v**3 - 2*v**2 + v + 2. Let s be m(x). Suppose 0 = k + 3*p + s + 7, 2*k + p = -2. What is the units digit of k?
1
Suppose -s - 100 + 103 = 0. Suppose 0*o + 3*u + 363 = s*o, o + u = 117. What is the units digit of o?
9
Suppose -5*f + 4*f - 248 = 0. Let p = f - -433. What is the units digit of p?
5
Let f = -58 + 172. What is the units digit of (4/6)/((-338)/f - -3)?
9
Let j = 29 + -53. What is the tens digit of (-660)/j + 1/2?
2
Let c(n) = 8*n - 33. Let r be c(6). What is the units digit of ((-12)/r)/(-2 - (-3552)/1780)?
8
Let v(g) = 5*g - 9 + 0*g**2 - 1 + g**2. Let y(p) = -p**2 + 32*p - 39. Let r be y(31). What is the units digit of v(r)?
4
Let a(s) = s**2 + 10*s + 1. Let l(v) = v + 1. Let z(d) = 2*a(d) - 6*l(d). Let x be z(-8). Suppose -x + 112 = 4*m. What is the units digit of m?
5
Let o(t) = 2*t - 2. Let y be -2 - (1 + (-24)/4). Let x be (-3)/y + (7 - 4). What is the units digit of o(x)?
2
Suppose -3*q - 7 = 224. Let a = q + 224. What is the units digit of a?
7
Let l(w) = -w**3 - 4*w**2 - 3*w + 2. Let a be l(-4). Let s(i) = -i**3 + 15*i**2 - 12*i + 5. What is the units digit of s(a)?
3
Let w(a) = 2*a**3 + 2*a**2 - 4*a + 2. Let d(b) = -b**2 + 1. Let k(i) = -2*d(i) - w(i). What is the hundreds digit of k(-4)?
1
Suppose -136 = -0*x + 2*x. Let z = x + 96. What is the tens digit of z?
2
Let t(k) = -6*k + 5 + k**2 - 2*k**2 - 1. Suppose 20*y + 1800 - 1700 = 0. What is the units digit of t(y)?
9
Suppose -2*a + 1650 = 3*a. What is the hundreds digit of a?
3
Let s(r) = r**3 + 35*r**2 + 155*r - 6. What is the tens digit of s(-25)?
6
Suppose -4*k = -3*b + 344, -3*b = 4*k - 359 + 55. Suppose b = 6*t - 18. What is the units digit of t?
1
Let r = 15 - 8. Suppose 22 = -5*l + r, -l = -4*z + 71. What is the tens digit of z?
1
Suppose -135 = -4*z - 3*r, -r - 94 = -3*z + 4*r. Let u be (5 + -7)*(-1)/1. Suppose -u*j - z = -3*j. What is the units digit of j?
3
Let o be (-16)/24*(2 + 37). Let c = o + 160. What is the units digit of c?
4
Let w(k) = k**2 - 10*k + 23. Let c be w(7). Suppose 3*u + c*i + 2*i - 48 = 0, -3 = i. What is the units digit of u?
0
Let d = 160 - 94. Suppose -d = 8*l - 362. What is the tens digit of l?
3
Suppose -2 = 2*x + 2*i, 2*x + 6*i + 5 = i. Suppose -3*k + 15 + 123 = x. What is the units digit of k?
6
Let n(k) = 4*k**2 - 5*k + 4. Let f = 37 - 34. What is the tens digit of n(f)?
2
Let o(b) = 3*b + 21. Let p be o(-6). Suppose -2*i + 798 = 5*u, -483 = -p*u - 0*i + 3*i. What is the hundreds digit of u?
1
What is the tens digit of (1*66 + -2)*60/8?
8
Suppose 514 = 10*p + 4014. Let s = -158 - p. What is the tens digit of s?
9
Let w(l) = -l + 1. Let h = 8 - 7. Let a be w(h). Suppose 9 = -3*k, u + a*u = -4*k + 20. What is the units digit of u?
2
Let t(z) = z**3 + 13*z**2 + 11*z - 9. Suppose 3*a = -a - 48. Let g be t(a). Suppose g*w - 28 + 1 = 0. What is the units digit of w?
9
Suppose -3*b - r = -24, 4*b - r - 3*r = 16. Suppose 2*w + 2*w = -16